st common factor of 204 and 15844?
68
What is the highest common factor of 127 and 889?
127
Calculate the highest common divisor of 2540 and 5842.
254
Calculate the highest common factor of 2993 and 82.
41
What is the highest common divisor of 3908 and 12?
4
What is the highest common factor of 172 and 387?
43
Calculate the greatest common factor of 17 and 17.
17
What is the greatest common factor of 1134 and 42?
42
What is the greatest common factor of 90 and 34470?
90
Calculate the highest common divisor of 1240 and 32550.
310
Calculate the greatest common factor of 336 and 147.
21
Calculate the highest common divisor of 44 and 385.
11
Calculate the highest common divisor of 8 and 484.
4
What is the greatest common factor of 17 and 901?
17
What is the highest common factor of 329 and 141?
47
Calculate the highest common divisor of 17 and 391.
17
What is the highest common factor of 44 and 1474?
22
What is the greatest common factor of 1904 and 266?
14
Calculate the highest common factor of 16 and 108.
4
What is the highest common factor of 1596 and 336?
84
What is the highest common divisor of 7 and 20419?
7
Calculate the highest common divisor of 55 and 20.
5
What is the highest common divisor of 84 and 532?
28
Calculate the highest common factor of 798 and 54.
6
What is the greatest common factor of 144 and 48?
48
Calculate the greatest common factor of 163 and 4401.
163
What is the greatest common divisor of 98 and 154?
14
Calculate the highest common divisor of 550 and 50.
50
Calculate the greatest common divisor of 194 and 2037.
97
Calculate the highest common divisor of 152 and 1425.
19
What is the highest common divisor of 896 and 32?
32
Calculate the highest common divisor of 1470 and 12.
6
What is the greatest common divisor of 1880 and 40?
40
Calculate the greatest common factor of 1480 and 120.
40
What is the highest common divisor of 72 and 3?
3
Calculate the highest common factor of 351 and 65.
13
What is the greatest common factor of 195 and 3?
3
What is the greatest common factor of 1860 and 1?
1
Calculate the highest common divisor of 18 and 106398.
18
Calculate the greatest common divisor of 2156 and 1960.
196
What is the greatest common divisor of 116 and 28?
4
What is the greatest common factor of 11 and 3399?
11
Calculate the highest common factor of 154 and 374.
22
What is the greatest common divisor of 29 and 1247?
29
What is the greatest common factor of 4148 and 612?
68
What is the greatest common factor of 33 and 253?
11
What is the highest common divisor of 2748 and 84?
12
Calculate the greatest common divisor of 10502 and 890.
178
What is the highest common factor of 12960 and 30?
30
What is the highest common factor of 6500 and 52?
52
What is the highest common factor of 30 and 1030?
10
What is the highest common divisor of 1692 and 156?
12
What is the highest common divisor of 242 and 3091?
11
What is the highest common divisor of 6725 and 1076?
269
What is the highest common factor of 784 and 336?
112
What is the highest common divisor of 7 and 109?
1
Calculate the highest common factor of 10 and 135.
5
What is the highest common factor of 8964 and 24?
12
Calculate the highest common factor of 190 and 7885.
95
Calculate the highest common factor of 420 and 236.
4
Calculate the greatest common factor of 26 and 1534.
26
What is the highest common divisor of 4970 and 284?
142
What is the highest common factor of 88 and 484?
44
What is the highest common factor of 47775 and 39?
39
Calculate the highest common factor of 1034 and 94.
94
Calculate the highest common divisor of 3939 and 91.
13
Calculate the highest common divisor of 1078 and 462.
154
Calculate the greatest common factor of 675 and 54.
27
What is the greatest common divisor of 2261 and 21?
7
Calculate the greatest common factor of 19 and 475.
19
Calculate the greatest common divisor of 12474 and 154.
154
What is the greatest common factor of 33 and 88?
11
Calculate the greatest common factor of 12 and 852.
12
Calculate the greatest common factor of 120 and 80.
40
What is the greatest common factor of 24 and 4332?
12
What is the greatest common factor of 165 and 6765?
165
Calculate the highest common divisor of 6 and 384.
6
What is the highest common factor of 95 and 10317?
19
What is the highest common divisor of 3776 and 354?
118
What is the greatest common factor of 76 and 38?
38
What is the greatest common factor of 468 and 4914?
234
What is the greatest common factor of 17459 and 663?
221
What is the highest common factor of 13 and 4?
1
What is the greatest common factor of 900 and 250?
50
What is the highest common factor of 208 and 80?
16
Calculate the greatest common divisor of 268 and 4757.
67
What is the greatest common factor of 304 and 16?
16
What is the highest common factor of 121 and 99?
11
What is the greatest common factor of 1144 and 5512?
104
Calculate the highest common divisor of 11 and 3476.
11
What is the greatest common divisor of 10 and 290?
10
Calculate the greatest common factor of 6306 and 18.
6
What is the highest common divisor of 65 and 370?
5
Calculate the highest common factor of 480 and 24.
24
What is the highest common factor of 24 and 10932?
12
What is the greatest common factor of 38 and 6?
2
What is the greatest common divisor of 81 and 891?
81
Calculate the greatest common factor of 20 and 5432.
4
What is the greatest common divisor of 84 and 567?
21
Calculate the greatest common factor of 594 and 77.
11
Calculate the greatest common divisor of 108 and 300.
12
What is the highest common divisor of 1155 and 735?
105
What is the greatest common factor of 36 and 108?
36
What is the highest common factor of 3437 and 7?
7
Calculate the highest common factor of 14938 and 44.
22
What is the highest common divisor of 12804 and 176?
44
Calculate the greatest common divisor of 57 and 1824.
57
What is the highest common divisor of 22 and 957?
11
What is the greatest common divisor of 1115 and 5?
5
What is the greatest common divisor of 8 and 97144?
8
Calculate the greatest common factor of 108 and 207.
9
What is the greatest common divisor of 1258 and 34?
34
Calculate the greatest common divisor of 26 and 351.
13
Calculate the greatest common divisor of 249 and 3320.
83
Calculate the greatest common divisor of 14703 and 87.
87
What is the highest common divisor of 13 and 2704?
13
Calculate the highest common divisor of 172 and 817.
43
Calculate the greatest common factor of 99 and 726.
33
Calculate the highest common factor of 2983 and 57.
19
What is the greatest common factor of 12 and 222?
6
Calculate the highest common divisor of 13 and 611.
13
Calculate the greatest common factor of 133 and 76.
19
Calculate the highest common factor of 40 and 1280.
40
What is the greatest common divisor of 90 and 18?
18
Calculate the greatest common divisor of 808 and 8.
8
What is the highest common divisor of 120 and 444?
12
What is the highest common factor of 636 and 12?
12
What is the highest common divisor of 82 and 369?
41
Calculate the highest common divisor of 1334 and 58.
58
What is the greatest common factor of 47487 and 33?
33
Calculate the greatest common divisor of 2728 and 62.
62
What is the highest common divisor of 989 and 2231?
23
Calculate the greatest common divisor of 928 and 1682.
58
Calculate the highest common factor of 3013 and 575.
23
Calculate the greatest common factor of 1391 and 91.
13
Calculate the highest common divisor of 212 and 4.
4
What is the highest common divisor of 580 and 20?
20
Calculate the greatest common divisor of 2966 and 2.
2
Calculate the greatest common divisor of 10404 and 108.
36
What is the greatest common divisor of 364 and 420?
28
Calculate the greatest common divisor of 65 and 18395.
65
Calculate the greatest common factor of 18966 and 174.
174
What is the greatest common divisor of 112 and 2219?
7
What is the greatest common factor of 7 and 2?
1
Calculate the greatest common divisor of 192 and 714.
6
What is the greatest common divisor of 6 and 42?
6
Calculate the highest common factor of 74 and 703.
37
Calculate the greatest common divisor of 1496 and 88.
88
Calculate the greatest common factor of 68 and 340.
68
Calculate the greatest common factor of 130 and 78.
26
Calculate the